3 + 383?
386
In base 11, what is 7 + -192?
-186
In base 15, what is -3 - -8ea?
8e7
In base 5, what is -13 + 32?
14
In base 9, what is -5 + 256?
251
In base 2, what is 1111011 + 1000?
10000011
In base 2, what is -11001000 - 1?
-11001001
In base 10, what is 4 + 207?
211
In base 5, what is 2 - 2?
0
In base 13, what is -3 + -b2?
-b5
In base 13, what is 920 + -4?
919
In base 4, what is 0 + -20?
-20
In base 14, what is -b - 5?
-12
In base 15, what is -4 + 592?
58d
In base 2, what is -101 + -10011010?
-10011111
In base 3, what is 1012102 - -11?
1012120
In base 8, what is 0 - -772?
772
In base 12, what is -3 + -125?
-128
In base 9, what is -1 - 1352?
-1353
In base 16, what is -4f - -5?
-4a
In base 5, what is -40 - 400?
-440
In base 15, what is d6 + 3?
d9
In base 9, what is 1 - 14?
-13
In base 7, what is -3 - 1004?
-1010
In base 6, what is 11522 + 4?
11530
In base 11, what is -7 + 20?
14
In base 11, what is -5 - 682?
-687
In base 12, what is 14 - 3?
11
In base 7, what is -2 + 1111?
1106
In base 14, what is 6b3 + -4?
6ad
In base 14, what is -5 - -247?
242
In base 7, what is -1 - -253?
252
In base 5, what is 4222 - -1?
4223
In base 13, what is 5 + -3c?
-37
In base 8, what is -4 - -130?
124
In base 8, what is -3 - -165?
162
In base 2, what is -10001100011 - -100?
-10001011111
In base 3, what is -202 - 21?
-1000
In base 10, what is 1 + 55?
56
In base 6, what is -535 - -44?
-451
In base 16, what is b0 + 0?
b0
In base 12, what is -37 + 3?
-34
In base 12, what is 0 + 137?
137
In base 4, what is -2202 - -13?
-2123
In base 3, what is -2012 + -21?
-2110
In base 6, what is 11 + -5421?
-5410
In base 7, what is 5 + 6626?
6634
In base 3, what is -10222 + 1?
-10221
In base 2, what is -101 - 1011111?
-1100100
In base 2, what is 11 + 10111111?
11000010
In base 6, what is 5 + 1055?
1104
In base 5, what is -101 - -443?
342
In base 6, what is 5 - -1203?
1212
In base 15, what is -4 - -64?
60
In base 3, what is 1111 + 210?
2021
In base 15, what is -7e7c - 1?
-7e7d
In base 14, what is b8 - 5?
b3
In base 8, what is 3 + -3547?
-3544
In base 12, what is -3 + 202?
1bb
In base 4, what is -11 - -12333?
12322
In base 5, what is -1 - -14000?
13444
In base 12, what is -1 - -25?
24
In base 6, what is 4 - -11514?
11522
In base 8, what is 351 + 0?
351
In base 4, what is 3210112 + 0?
3210112
In base 3, what is -12 - -11222?
11210
In base 16, what is 5 - -83?
88
In base 11, what is -5 - -551?
547
In base 15, what is -2 + 7?
5
In base 3, what is -22 + 10?
-12
In base 13, what is -b + -10?
-1b
In base 14, what is -9 - -c4?
b9
In base 4, what is 10 + 223?
233
In base 10, what is 4 + -208?
-204
In base 8, what is 476 + 7?
505
In base 6, what is 3 - 1201?
-1154
In base 5, what is -2141 + -13?
-2204
In base 14, what is d6 - 8?
cc
In base 15, what is 2c - -4?
31
In base 2, what is 110100 - 1011?
101001
In base 6, what is -1 - -44403?
44402
In base 9, what is 1026 + -3?
1023
In base 10, what is -14 - 9?
-23
In base 11, what is 0 + 106?
106
In base 9, what is -3 + -657?
-661
In base 3, what is -2002 + -1201?
-10210
In base 9, what is -163 - -4?
-158
In base 9, what is 3764 + 0?
3764
In base 5, what is 4 + -333?
-324
In base 6, what is 32 - -13?
45
In base 2, what is 10001 + 10110111?
11001000
In base 10, what is 2 - 2228?
-2226
In base 10, what is 17186 + 1?
17187
In base 9, what is -3 + -141?
-144
In base 4, what is 1103 + -10?
1033
In base 11, what is 1698a - 1?
16989
In base 8, what is 542 + 3?
545
In base 9, what is 1683 - -1?
1684
In base 9, what is 5 + -1642?
-1636
In base 6, what is 34 - -333?
411
In base 10, what is 102 + -38?
64
In base 13, what is -1 + -43?
-44
In base 13, what is -2 - -86?
84
In base 16, what is -90 - 2?
-92
In base 6, what is 5 + 14014?
14023
In base 11, what is -193 + -29?
-211
In base 4, what is 102 + 2232?
3000
In base 14, what is -24 - -11?
-13
In base 14, what is 9d + d?
ac
In base 9, what is 36 + -33?
3
In base 3, what is 212 + -100?
112
In base 14, what is 5493 - 2?
5491
In base 4, what is -1 - 22132?
-22133
In base 12, what is -6 + b07?
b01
In base 4, what is 0 + 20212?
20212
In base 4, what is 11 + -120103?
-120032
In base 6, what is 5 - -13101?
13110
In base 13, what is -4126 - 0?
-4126
In base 4, what is -3 - 0?
-3
In base 16, what is 3 - 10a?
-107
In base 14, what is 3 + 8d?
92
In base 3, what is 11112 - -2?
11121
In base 7, what is -1 - -446?
445
In base 14, what is -8 + -303?
-30b
In base 3, what is 12 + -221012?
-221000
In base 10, what is 13317 - -4?
13321
In base 3, what is 1 + -1021?
-1020
In base 4, what is 12320 + 110?
13030
In base 6, what is 5 - -53?
102
In base 16, what is 4 - -7a6?
7aa
In base 9, what is -16 - 264?
-281
In base 9, what is -144 - 4?
-148
In base 11, what is -226 - -5?
-221
In base 5, what is -14113 - -4?
-14104
In base 4, what is -1001 + -3?
-1010
In base 3, what is -1001 - 2?
-1010
In base 5, what is -32 - 342?
-424
In base 11, what is 9 + 665?
673
In base 7, what is -620 - 2?
-622
In base 4, what is -121 - -20?
-101
In base 8, what is 36 - 0?
36
In base 12, what is -4 - 9?
-11
In base 8, what is -3 - 2351?
-2354
In base 11, what is 3 + -68?
-65
In base 2, what is 10101110 - -1011?
10111001
In base 16, what is 0 - -71?
71
In base 10, what is -165 + -4?
-169
In base 5, what is 33343 - -3?
33401
In base 10, what is 323 + -5?
318
In base 8, what is -640 + 2?
-636
In base 11, what is -6 - -a0?
95
In base 5, what is 30331 + 3?
30334
In base 15, what is -30 + 5?
-2a
In base 10, what is 5 - -107?
112
In base 12, what is a0bb - 0?
a0bb
In base 4, what is 3 + 22?
31
In base 6, what is 24 - -13?
41
In base 12, what is -46 + -6?
-50
In base 4, what is 12 - 32302?
-32230
In base 8, what is -1 - 11?
-12
In base 16, what is -4 + 3df?
3db
In base 3, what is 11020222 - 10?
11020212
In base 2, what is -101 + -1011100?
-1100001
In base 4, what is 11 - 1033123?
-1033112
In base 9, what is -7205 + 0?
-7205
In base 10, what is -10 + 64?
54
In base 5, what is -11012 - -3?
-11004
In base 13, what is -1 - -25?
24
In base 15, what is -c0 + -5?
-c5
In base 5, what is -10 + 2332?
2322
In base 2, what is -1010 - 10011000?
-10100010
In base 3, what is 2 - -22?
101
In base 8, what is 1 - -430?
431
In base 15, what is 19 - 6?
13
In base 14, what is 4 + -64?
-60
In base 16, what is 169 + 2?
16b
In base 4, what is -2311 - -10?
-2301
In base 6, what is -11 + -242?
-253
In base 4, what is 11231 - -1?
11232
In base 7, what is -5332 - 0?
-5332
In base 4, what is 0 - -10102?
10102
In base 11, what is -4 + -497?
-4a0
In base 9, what is 1 + 2534?
2535
In base 11, what is -2971 + -1?
-2972
In base 11, what is 1123 + -4?
111a
In base 12, what is -13 - 13b?
-152
In base 16, what is 33 + -3?
30
In base 2, what is 1111001100 - 1?
1111001011
In base 3, what is -101111 + -10?
-101121
In base 9, what is -7367 + 1?
-7366
In base 3, what is 220211 + -11?
220200
In base 6, what is -5 + -132?
-141
In base 6, what is -11030 - -3?
-11023
In base 6, what is 5 - -4205?
4214
In base 4, what is -10 - 201110?
-201120
In base 14, what is -15 - -13?
-2
In base 16, what is -1c - -7?
-15
In base 6, what is 5 - 401?
-352
In base 13, what is -7c + 5?
-77
In base 14, what is 1b3 - 4?
1ad
In base 12, what is -1 + 370?
36b
In base 13, what is 0 - 195?
-195
In base 4, what is 1111 - 20?
1031
In base 4, what is -30121 - 13?
-30200
In base 8, what is 14 + -3?
11
In base 10, what is -23 - -83?
60
In base 4, what is 2110 + 11?
2121
In base 5, what is -310 - 1034?
-1344
In base 5, what is -2 - 113?
-120
In base 6, what is -3 + 3040?
3033
In base 6, what is -2250 + 5?
-2241
In base 10, what is 58 - 5?
53
In base 16, what is -5 + 29d?
298
In base 7, what is -360 + 13?
-344
In base 9, what is -22 - 28?
-51
In base 4, what is -22321 - -1?
-22320
In base 6, what is -13424 + -2?
-13430
In base 16, what is -1a - -7?
-13
In base 11, what is -4 + 2a?
26
In base 16, what is -6fd + 9?
-6f4
In base 2, what is -1001110 - 100?
-1010010
In base 4, what is 1 - 31?
-30
In base 15, what is 0 + -ec?
-ec
In base 13, what is -7 - 29?
-33
In base 13, what is 372 + 1?
373
In base 14, what is 4 - 24c?
-248
In base 3, what is -1012 - 10?
-1022
In base 10, what is -11 + 470?
459
In base 14, what is -1a - -42?
26
In base 2, what is 1110 - 1011001?
-1001011
In base 14, what is 1 + -75?
-74
In base 5, what is 3 + -221?
-213
